 5
Let w(v) be the first derivative of v**4/4 - 14*v**3/3 + 19*v**2 + 31*v - 89. List the prime factors of w(13).
2, 89
Suppose 9*p - 11 = 7. Suppose -4*d + 702 = p*c, 0*c = -2*c - 6. What are the prime factors of d?
3, 59
Let q(v) = v**2 + 1836. Let d be q(0). Suppose -5949 = -9*j - d. Let g = j - 248. What are the prime factors of g?
11, 19
Suppose -4*t - 541804 = -16*t - 26*t. What are the prime factors of t?
2, 7129
Suppose -q - 3*k + 21 = -0*q, -2*k + 6 = 0. Suppose -q*m + 43 + 17 = 0. Suppose m = h - 179. What are the prime factors of h?
2, 23
Let a = 32040 + -10827. List the prime factors of a.
3, 2357
Let f be (-430)/(-20)*(-728)/(-1). Suppose 21*p - f = -7*p. What are the prime factors of p?
13, 43
Let s(u) be the second derivative of 101*u**3/6 - 11*u**2/2 + 17*u. Let a be s(6). Suppose -3*z + 8*z = a. List the prime factors of z.
7, 17
Suppose -4*k + o + 17381 = -141, -4*k + 3*o + 17526 = 0. Suppose -30*g = -0*g - k. What are the prime factors of g?
2, 73
Let f(h) = -4*h - 62. Let l(a) = 2*a**2 + 19*a - 1. Let c(q) = -8*q**2 + 2*q - 2. Let k be c(1). Let b be l(k). List the prime factors of f(b).
2, 19
Let c = 13828 - 7619. List the prime factors of c.
7, 887
List the prime factors of 7 - ((-10)/6)/(125/(-225)) - -11697.
11701
Suppose -4*a = -5*s - 2*a + 12, a - 8 = -s. Suppose -s*o = -1316 + 56. What are the prime factors of o?
3, 5, 7
Let n(j) = j**3 + 11*j**2 - 22*j + 2. Let s be n(-13). Let p = s - -866. List the prime factors of p.
2, 3, 17
Let y(d) = -51*d + 151. Let l be y(11). Let u = -284 - l. List the prime factors of u.
2, 3, 7
Let x be ((-7)/2)/((65/10)/(-13)). Suppose -v = x*v. Suppose 4*w - 5*f - 947 = v, -10*f - 506 = -2*w - 14*f. What are the prime factors of w?
3
Let t = 9423 + 15567. List the prime factors of t.
2, 3, 5, 7, 17
Suppose 0 = -12*n + 58237 - 13429. What are the prime factors of n?
2, 1867
Let g(c) = -3*c**2 - c - 6. Let x be g(-3). Let y = x - -30. Suppose y*j - 100 = -2*j - 2*w, 5*w = 4*j - 245. List the prime factors of j.
5, 11
Suppose -2552 - 1678 = -10*q. Let n = 120 + q. What are the prime factors of n?
3, 181
Suppose -208974 = -50*s - 37*s. What are the prime factors of s?
2, 1201
Suppose 0*a - 9*a + 45 = 0. Suppose -4*z + 90 = -r, -4*r + 114 = a*z - 6*r. Suppose -z*y + 21*y + 69 = 0. List the prime factors of y.
3, 23
Suppose 19*h - 582855 = -14*h - 58*h. List the prime factors of h.
3, 5, 7, 61
Let b(k) = 0*k + 0*k + 14 + 0*k + 4*k. Suppose 2*i - f - 4*f - 6 = 0, -3 = -i - f. List the prime factors of b(i).
2, 13
Suppose -31*o + 30 + 125 = 0. Suppose 0 = o*f - 686 - 1349. List the prime factors of f.
11, 37
Suppose -d + x + 539 = -3173, -x - 14848 = -4*d. List the prime factors of (d/(-29))/((-2)/10).
2, 5
What are the prime factors of (-4 - -3)*899997/(-51)?
7, 2521
Let k = -185 - -259. Let v = k - -43. Suppose v - 23 = f. List the prime factors of f.
2, 47
Suppose -2*p + 18234 = 21*j - 18*j, 3*p + 12169 = 2*j. What are the prime factors of j?
2, 5, 19
Suppose 0 = -5*q + 10755 + 76016 + 89114. List the prime factors of q.
29, 1213
What are the prime factors of -6 - 290510/(-25) - (-1)/(-10)*4?
2, 5807
Suppose 3*k + 2*k = 45. Suppose 5*x - k = 4*x. Suppose -x*h + 8*h = -36. List the prime factors of h.
2, 3
Let a(c) = 1140*c + 4. Let x be a(4). Suppose 4*u - x = 4*b, 4*u - 2714 = b + 1859. What are the prime factors of -2 + 1 - u/(-11)?
103
Let r(q) = q**3 - 11*q**2 + 5*q + 3. Let t = 152 - -3. Suppose -143 = v - t. List the prime factors of r(v).
3, 23
Let g(r) = -r**3 - 16*r**2 + 20*r - 3. Let v be g(-17). Let o be 80 + (3 - (3 + 3)). Let f = v + o. List the prime factors of f.
23
Suppose -3*k + 46432 = 5*w, -37*w + 15468 = k - 33*w. What are the prime factors of k?
2, 7, 79
Let y = -686 + 820. Suppose 126*l + 8648 = y*l. List the prime factors of l.
23, 47
Let x = 3 - 1. Let d(r) = 3*r**2 - 2*r**x + 5*r + 5*r - 9*r + 37. What are the prime factors of d(0)?
37
Let r be (-167 - 2)*13/(-13). Let o = -59 + r. List the prime factors of o.
2, 5, 11
Let k(o) = -8*o - 2*o - 10 + 2*o. Let i be k(-7). Let a = 45 + i. List the prime factors of a.
7, 13
Suppose -1857 = -c - 5*r - 131, 0 = -3*c - 2*r + 5269. What are the prime factors of c?
3, 587
Suppose -4*k + 9 = -3. Let g(a) = a**3 + 20*a**2 + 21*a + 8. Let t be g(-16). Suppose 3*d + k*d = t. List the prime factors of d.
2, 29
Suppose 6*m + 133 = -155. Let z be (-2)/10 - m/(-60). List the prime factors of (-4)/(-3 + z)*168.
2, 3, 7
Suppose -20*d = -125*d + 756256 + 303299. What are the prime factors of d?
10091
Let u(w) = -11*w - 77. Let f be u(-5). Let n(b) = 2*b**3 + 46*b**2 + 30*b + 32. What are the prime factors of n(f)?
2, 5, 17
Suppose -3 = -13*j + 16*j. Let x be (310/(-20))/(j/2). What are the prime factors of (-40)/(-4)*1/(2/x)?
5, 31
Let z = -274 + 725. Let s = 857 - z. List the prime factors of s.
2, 7, 29
Suppose 2*a - 4*a + 704 = 0. Suppose -7*f + a = -271. List the prime factors of f.
89
Suppose 168*d - 177*d = -67266. List the prime factors of d.
2, 37, 101
Suppose 0*i = -4*r + 5*i + 663, 3*i - 3 = 0. Let l be 7/((-56)/6)*-4. Suppose -5*g = l*c - r, -6*g = -2*g + 3*c - 133. List the prime factors of g.
2, 17
What are the prime factors of 6416865/420 + (-9)/(-12)?
3, 11, 463
Let m = -2347 - -4192. What are the prime factors of m?
3, 5, 41
Let j = 22 - 66. Let x be 6/8 - j/(-16). What are the prime factors of (-32)/18 - x - (-2343)/27?
3, 29
Let y(r) = -5*r**2 - 19 - 5*r**2 - 16*r - 6*r**2 + 0*r + r**3. Let v be y(17). List the prime factors of ((-22)/(-4))/(v/(-52)).
11, 13
Let v(g) = 34*g - 5. Let b(k) = k**2 + 11*k + 11. Let w be b(-11). Let x(a) = -101*a + 16. Let y(r) = w*v(r) + 4*x(r). What are the prime factors of y(-4)?
3, 43
Suppose -2*n = -5*i - 3*n + 62, 0 = -2*n + 4. Let c be (-2 + 0 - -1)*-7. Suppose -c*o + i*o = 330. List the prime factors of o.
2, 3, 11
Let k be ((-61670)/15)/(-7) + 2/(-6). Suppose -9*b - k + 6041 = 0. Suppose -2*z + b = 80. What are the prime factors of z?
263
Let x(o) = -o**2 - 20 - 12 + 8 - 16*o. Suppose 0 = 4*f + 2*b - 0*b + 54, -f - 14 = b. What are the prime factors of x(f)?
3, 5
Let q be (-2)/4*72/(-12). Let v(i) = -i**3 + 5*i**2 + 8*i - 7. Let f be v(q). Let s = 85 - f. List the prime factors of s.
2, 5
Suppose -14*q - 1454 - 58 = 0. Let w be (8/(-6))/(12/q). Suppose 0 = -w*j + 14*j - 302. What are the prime factors of j?
151
Suppose 0 = -59*h + 12*h + 243366. List the prime factors of h.
2, 3, 863
Let j(t) = 22*t**3 + 73*t**2 - 19*t - 26. What are the prime factors of j(11)?
2, 5, 947
Suppose 5*g - 255 = -4*i, -7*i + 4*i + 153 = 3*g. Suppose d + g = 89. Suppose -5*r - 24 - 7 = -4*x, 0 = 4*x + 2*r - d. List the prime factors of x.
3
Suppose 2 = -0*o + o, -5*x = 3*o + 9. List the prime factors of ((-46)/x + -3)/((-4)/(-132)).
11, 37
Suppose -593*p = -669*p + 4292936. List the prime factors of p.
2, 61, 463
Let g(y) = 47*y + 31. Let z be g(5). Suppose 398 = -z*u + 268*u. List the prime factors of u.
199
Let m(k) = 57*k**2 - 60*k + 573. What are the prime factors of m(13)?
2, 3, 1571
Let d be (-1)/10*2*(-745)/1. Let n(h) = -h**2 - h - 30. Let a be n(0). Let r = a + d. List the prime factors of r.
7, 17
Let b(w) = w**2 + w + 4. Let d(z) = 3*z**2 + 3*z + 13. Let x(n) = -17*b(n) + 6*d(n). Let f be x(0). Suppose -f*i = -16*i + 306. List the prime factors of i.
3, 17
Suppose 4*l - 5*d - 49 = -16, 13 = 2*l + d. Let h(v) = 70*v - 10. Let b be h(l). List the prime factors of b/(-1 - -4) - (-2 + 5).
157
Let m(x) = 14*x + 2. Let u be m(1). Let b = 147 + -86. Let o = b - u. What are the prime factors of o?
3, 5
Let y(l) = -28129*l + 1785. List the prime factors of y(-1).
2, 14957
Suppose -36*c - 4*c - 44850 = -50*c. List the prime factors of c.
3, 5, 13, 23
Let p be -6*(-30 - -5)*(-1)/(-3). Let g = p - 48. Suppose 7*j - 405 = g*j. List the prime factors of j.
3
List the prime factors of ((-63)/28 + 127/(-4))/(4/(-4146)).
3, 17, 691
Let k be ((48/30)/2)/(4/10). Suppose -i - 135 - 47 = k*c, 3*i - c + 567 = 0. Let t = 365 + i. List the prime factors of t.
3, 59
Let i = 40459 - 13241. What are the prime factors of i?
2, 31, 439
Suppose -3*n - 3*g + 19404 = 0, 24*n + 3*g = 31*n - 45266. List the prime factors of n.
29, 223
Suppose -o - 1 = -2*o - 2*d, 0 = -4*o + 3*d + 15. Let m be (-1 + 4/3)*o*2. Suppose -115 - 